{"id":765,"date":"2019-02-04T18:50:05","date_gmt":"2019-02-04T17:50:05","guid":{"rendered":"http:\/\/ojardindeskamis.fr\/?page_id=765"},"modified":"2021-01-21T22:45:42","modified_gmt":"2021-01-21T21:45:42","slug":"creation-de-vos-evenements","status":"publish","type":"page","link":"https:\/\/ojardindeskamis.fr\/index.php\/creation-de-vos-evenements\/","title":{"rendered":"Cr\u00e9ation de vos \u00e9v\u00e9nements"},"content":{"rendered":"\n<p>\u00d4 Jardin des Kamis vous accompagne \u00e9galement pour la cr\u00e9ation et l&rsquo;organisation de votre \u00e9v\u00e9nement sur mesure : <strong>stage de coh\u00e9sion <\/strong>d&rsquo;entreprise, <strong>classe verte<\/strong> sur plusieurs jours ou <strong>sortie scolaire <\/strong>\u00e0 la journ\u00e9e, accueil et encadrement d&rsquo;un <strong>institut sp\u00e9cialis\u00e9<\/strong>, journ\u00e9e publique de sensibilisation au d\u00e9veloppement durable, &#8230;<\/p>\n\n\n\n<p>Nous d\u00e9terminons ensemble vos attentes et vos besoins, contactons les meilleurs partenaires pour votre \u00e9v\u00e9nement et g\u00e9rons la logistique !<\/p>\n\n\n\n<p>Pour vous inspirer le catalogue 2021 des ateliers nature &amp; sauvage pour les enfants est disponible en t\u00e9l\u00e9chargement.<\/p>\n\n\n\n<div class=\"wp-block-file\"><a href=\"https:\/\/ojardindeskamis.fr\/wp-content\/uploads\/2021\/01\/Ateliers-Nature-Enfants-O-Jardin-des-Kamis-2021-1.pdf\">Ateliers Nature Enfants &#8211; \u00d4 Jardin des Kamis 2021<\/a><a href=\"https:\/\/ojardindeskamis.fr\/wp-content\/uploads\/2021\/01\/Ateliers-Nature-Enfants-O-Jardin-des-Kamis-2021-1.pdf\" class=\"wp-block-file__button\" download>T\u00e9l\u00e9charger<\/a><\/div>\n\n\n\n<p>Pour des conseils et un devis sp\u00e9cialis\u00e9, <a href=\"https:\/\/ojardindeskamis.fr\/index.php\/contactez-moi\/\">contactez-moi<\/a>.<\/p>\n","protected":false},"excerpt":{"rendered":"<p>\u00d4 Jardin des Kamis vous accompagne \u00e9galement pour la cr\u00e9ation et l&rsquo;organisation de votre \u00e9v\u00e9nement sur mesure : stage de coh\u00e9sion d&rsquo;entreprise, classe verte sur plusieurs jours ou sortie scolaire \u00e0 la journ\u00e9e, accueil et encadrement d&rsquo;un institut sp\u00e9cialis\u00e9, journ\u00e9e publique de sensibilisation au d\u00e9veloppement durable, &#8230; Nous d\u00e9terminons ensemble vos attentes et vos besoins, contactons les meilleurs partenaires pour votre \u00e9v\u00e9nement et g\u00e9rons la logistique ! Pour vous inspirer le catalogue 2021 des ateliers nature &amp; sauvage pour les&#8230;<\/p>\n<p class=\"read-more\"><a class=\"btn btn-default\" href=\"https:\/\/ojardindeskamis.fr\/index.php\/creation-de-vos-evenements\/\">Lire la suite<span class=\"screen-reader-text\"> Lire la suite<\/span><\/a><\/p>\n","protected":false},"author":1,"featured_media":0,"parent":0,"menu_order":0,"comment_status":"closed","ping_status":"closed","template":"","meta":{"footnotes":""},"class_list":["post-765","page","type-page","status-publish","hentry"],"yoast_head":"<!-- This site is optimized with the Yoast SEO plugin v24.4 - https:\/\/yoast.com\/wordpress\/plugins\/seo\/ -->\n<title>Cr\u00e9ation de vos \u00e9v\u00e9nements - \u00d4 Jardin des Kamis<\/title>\n<meta name=\"robots\" content=\"index, follow, max-snippet:-1, max-image-preview:large, max-video-preview:-1\" \/>\n<link rel=\"canonical\" href=\"https:\/\/ojardindeskamis.fr\/index.php\/creation-de-vos-evenements\/\" \/>\n<meta property=\"og:locale\" content=\"fr_FR\" \/>\n<meta property=\"og:type\" content=\"article\" \/>\n<meta property=\"og:title\" content=\"Cr\u00e9ation de vos \u00e9v\u00e9nements - \u00d4 Jardin des Kamis\" \/>\n<meta property=\"og:description\" content=\"\u00d4 Jardin des Kamis vous accompagne \u00e9galement pour la cr\u00e9ation et l&rsquo;organisation de votre \u00e9v\u00e9nement sur mesure : stage de coh\u00e9sion d&rsquo;entreprise, classe verte sur plusieurs jours ou sortie scolaire \u00e0 la journ\u00e9e, accueil et encadrement d&rsquo;un institut sp\u00e9cialis\u00e9, journ\u00e9e publique de sensibilisation au d\u00e9veloppement durable, &#8230; Nous d\u00e9terminons ensemble vos attentes et vos besoins, contactons les meilleurs partenaires pour votre \u00e9v\u00e9nement et g\u00e9rons la logistique ! Pour vous inspirer le catalogue 2021 des ateliers nature &amp; sauvage pour les...Lire la suite Lire la suite\" \/>\n<meta property=\"og:url\" content=\"https:\/\/ojardindeskamis.fr\/index.php\/creation-de-vos-evenements\/\" \/>\n<meta property=\"og:site_name\" content=\"\u00d4 Jardin des Kamis\" \/>\n<meta property=\"article:modified_time\" content=\"2021-01-21T21:45:42+00:00\" \/>\n<meta name=\"twitter:card\" content=\"summary_large_image\" \/>\n<meta name=\"twitter:label1\" content=\"Dur\u00e9e de lecture estim\u00e9e\" \/>\n\t<meta name=\"twitter:data1\" content=\"1 minute\" \/>\n<script type=\"application\/ld+json\" class=\"yoast-schema-graph\">{\"@context\":\"https:\/\/schema.org\",\"@graph\":[{\"@type\":\"WebPage\",\"@id\":\"https:\/\/ojardindeskamis.fr\/index.php\/creation-de-vos-evenements\/\",\"url\":\"https:\/\/ojardindeskamis.fr\/index.php\/creation-de-vos-evenements\/\",\"name\":\"Cr\u00e9ation de vos \u00e9v\u00e9nements - \u00d4 Jardin des Kamis\",\"isPartOf\":{\"@id\":\"https:\/\/ojardindeskamis.fr\/#website\"},\"datePublished\":\"2019-02-04T17:50:05+00:00\",\"dateModified\":\"2021-01-21T21:45:42+00:00\",\"breadcrumb\":{\"@id\":\"https:\/\/ojardindeskamis.fr\/index.php\/creation-de-vos-evenements\/#breadcrumb\"},\"inLanguage\":\"fr-FR\",\"potentialAction\":[{\"@type\":\"ReadAction\",\"target\":[\"https:\/\/ojardindeskamis.fr\/index.php\/creation-de-vos-evenements\/\"]}]},{\"@type\":\"BreadcrumbList\",\"@id\":\"https:\/\/ojardindeskamis.fr\/index.php\/creation-de-vos-evenements\/#breadcrumb\",\"itemListElement\":[{\"@type\":\"ListItem\",\"position\":1,\"name\":\"Accueil\",\"item\":\"https:\/\/ojardindeskamis.fr\/\"},{\"@type\":\"ListItem\",\"position\":2,\"name\":\"Cr\u00e9ation de vos \u00e9v\u00e9nements\"}]},{\"@type\":\"WebSite\",\"@id\":\"https:\/\/ojardindeskamis.fr\/#website\",\"url\":\"https:\/\/ojardindeskamis.fr\/\",\"name\":\"\u00d4 Jardin des Kamis\",\"description\":\"Jardin p\u00e9dagogique, \u00e9cologique, exp\u00e9rimental\",\"publisher\":{\"@id\":\"https:\/\/ojardindeskamis.fr\/#organization\"},\"potentialAction\":[{\"@type\":\"SearchAction\",\"target\":{\"@type\":\"EntryPoint\",\"urlTemplate\":\"https:\/\/ojardindeskamis.fr\/?s={search_term_string}\"},\"query-input\":{\"@type\":\"PropertyValueSpecification\",\"valueRequired\":true,\"valueName\":\"search_term_string\"}}],\"inLanguage\":\"fr-FR\"},{\"@type\":\"Organization\",\"@id\":\"https:\/\/ojardindeskamis.fr\/#organization\",\"name\":\"\u00d4 Jardin des Kamis\",\"url\":\"https:\/\/ojardindeskamis.fr\/\",\"logo\":{\"@type\":\"ImageObject\",\"inLanguage\":\"fr-FR\",\"@id\":\"https:\/\/ojardindeskamis.fr\/#\/schema\/logo\/image\/\",\"url\":\"http:\/\/ojardindeskamis.fr\/wp-content\/uploads\/2017\/01\/cropped-cropped-Tny_Logo_Cadre_Transp.png\",\"contentUrl\":\"http:\/\/ojardindeskamis.fr\/wp-content\/uploads\/2017\/01\/cropped-cropped-Tny_Logo_Cadre_Transp.png\",\"width\":512,\"height\":512,\"caption\":\"\u00d4 Jardin des Kamis\"},\"image\":{\"@id\":\"https:\/\/ojardindeskamis.fr\/#\/schema\/logo\/image\/\"}}]}<\/script>\n<!-- \/ Yoast SEO plugin. -->","yoast_head_json":{"title":"Cr\u00e9ation de vos \u00e9v\u00e9nements - \u00d4 Jardin des Kamis","robots":{"index":"index","follow":"follow","max-snippet":"max-snippet:-1","max-image-preview":"max-image-preview:large","max-video-preview":"max-video-preview:-1"},"canonical":"https:\/\/ojardindeskamis.fr\/index.php\/creation-de-vos-evenements\/","og_locale":"fr_FR","og_type":"article","og_title":"Cr\u00e9ation de vos \u00e9v\u00e9nements - \u00d4 Jardin des Kamis","og_description":"\u00d4 Jardin des Kamis vous accompagne \u00e9galement pour la cr\u00e9ation et l&rsquo;organisation de votre \u00e9v\u00e9nement sur mesure : stage de coh\u00e9sion d&rsquo;entreprise, classe verte sur plusieurs jours ou sortie scolaire \u00e0 la journ\u00e9e, accueil et encadrement d&rsquo;un institut sp\u00e9cialis\u00e9, journ\u00e9e publique de sensibilisation au d\u00e9veloppement durable, &#8230; Nous d\u00e9terminons ensemble vos attentes et vos besoins, contactons les meilleurs partenaires pour votre \u00e9v\u00e9nement et g\u00e9rons la logistique ! Pour vous inspirer le catalogue 2021 des ateliers nature &amp; sauvage pour les...Lire la suite Lire la suite","og_url":"https:\/\/ojardindeskamis.fr\/index.php\/creation-de-vos-evenements\/","og_site_name":"\u00d4 Jardin des Kamis","article_modified_time":"2021-01-21T21:45:42+00:00","twitter_card":"summary_large_image","twitter_misc":{"Dur\u00e9e de lecture estim\u00e9e":"1 minute"},"schema":{"@context":"https:\/\/schema.org","@graph":[{"@type":"WebPage","@id":"https:\/\/ojardindeskamis.fr\/index.php\/creation-de-vos-evenements\/","url":"https:\/\/ojardindeskamis.fr\/index.php\/creation-de-vos-evenements\/","name":"Cr\u00e9ation de vos \u00e9v\u00e9nements - \u00d4 Jardin des Kamis","isPartOf":{"@id":"https:\/\/ojardindeskamis.fr\/#website"},"datePublished":"2019-02-04T17:50:05+00:00","dateModified":"2021-01-21T21:45:42+00:00","breadcrumb":{"@id":"https:\/\/ojardindeskamis.fr\/index.php\/creation-de-vos-evenements\/#breadcrumb"},"inLanguage":"fr-FR","potentialAction":[{"@type":"ReadAction","target":["https:\/\/ojardindeskamis.fr\/index.php\/creation-de-vos-evenements\/"]}]},{"@type":"BreadcrumbList","@id":"https:\/\/ojardindeskamis.fr\/index.php\/creation-de-vos-evenements\/#breadcrumb","itemListElement":[{"@type":"ListItem","position":1,"name":"Accueil","item":"https:\/\/ojardindeskamis.fr\/"},{"@type":"ListItem","position":2,"name":"Cr\u00e9ation de vos \u00e9v\u00e9nements"}]},{"@type":"WebSite","@id":"https:\/\/ojardindeskamis.fr\/#website","url":"https:\/\/ojardindeskamis.fr\/","name":"\u00d4 Jardin des Kamis","description":"Jardin p\u00e9dagogique, \u00e9cologique, exp\u00e9rimental","publisher":{"@id":"https:\/\/ojardindeskamis.fr\/#organization"},"potentialAction":[{"@type":"SearchAction","target":{"@type":"EntryPoint","urlTemplate":"https:\/\/ojardindeskamis.fr\/?s={search_term_string}"},"query-input":{"@type":"PropertyValueSpecification","valueRequired":true,"valueName":"search_term_string"}}],"inLanguage":"fr-FR"},{"@type":"Organization","@id":"https:\/\/ojardindeskamis.fr\/#organization","name":"\u00d4 Jardin des Kamis","url":"https:\/\/ojardindeskamis.fr\/","logo":{"@type":"ImageObject","inLanguage":"fr-FR","@id":"https:\/\/ojardindeskamis.fr\/#\/schema\/logo\/image\/","url":"http:\/\/ojardindeskamis.fr\/wp-content\/uploads\/2017\/01\/cropped-cropped-Tny_Logo_Cadre_Transp.png","contentUrl":"http:\/\/ojardindeskamis.fr\/wp-content\/uploads\/2017\/01\/cropped-cropped-Tny_Logo_Cadre_Transp.png","width":512,"height":512,"caption":"\u00d4 Jardin des Kamis"},"image":{"@id":"https:\/\/ojardindeskamis.fr\/#\/schema\/logo\/image\/"}}]}},"_links":{"self":[{"href":"https:\/\/ojardindeskamis.fr\/index.php\/wp-json\/wp\/v2\/pages\/765","targetHints":{"allow":["GET"]}}],"collection":[{"href":"https:\/\/ojardindeskamis.fr\/index.php\/wp-json\/wp\/v2\/pages"}],"about":[{"href":"https:\/\/ojardindeskamis.fr\/index.php\/wp-json\/wp\/v2\/types\/page"}],"author":[{"embeddable":true,"href":"https:\/\/ojardindeskamis.fr\/index.php\/wp-json\/wp\/v2\/users\/1"}],"replies":[{"embeddable":true,"href":"https:\/\/ojardindeskamis.fr\/index.php\/wp-json\/wp\/v2\/comments?post=765"}],"version-history":[{"count":2,"href":"https:\/\/ojardindeskamis.fr\/index.php\/wp-json\/wp\/v2\/pages\/765\/revisions"}],"predecessor-version":[{"id":981,"href":"https:\/\/ojardindeskamis.fr\/index.php\/wp-json\/wp\/v2\/pages\/765\/revisions\/981"}],"wp:attachment":[{"href":"https:\/\/ojardindeskamis.fr\/index.php\/wp-json\/wp\/v2\/media?parent=765"}],"curies":[{"name":"wp","href":"https:\/\/api.w.org\/{rel}","templated":true}]}}

Création de vos événements

<p>Ô Jardin des Kamis vous accompagne également pour la création et l&rsquo;organisation de votre événement sur mesure : <strong>stage de cohésion </strong>d&rsquo;entreprise, <strong>classe verte</strong> sur plusieurs jours ou <strong>sortie scolaire </strong>à la journée, accueil et encadrement d&rsquo;un <strong>institut spécialisé</strong>, journée publique de sensibilisation au développement durable, &#8230;</p>



<p>Nous déterminons ensemble vos attentes et vos besoins, contactons les meilleurs partenaires pour votre événement et gérons la logistique !</p>



<p>Pour vous inspirer le catalogue 2021 des ateliers nature &amp; sauvage pour les enfants est disponible en téléchargement.</p>



<div class="wp-block-file"><a href="https://ojardindeskamis.fr/wp-content/uploads/2021/01/Ateliers-Nature-Enfants-O-Jardin-des-Kamis-2021-1.pdf">Ateliers Nature Enfants &#8211; Ô Jardin des Kamis 2021</a><a href="https://ojardindeskamis.fr/wp-content/uploads/2021/01/Ateliers-Nature-Enfants-O-Jardin-des-Kamis-2021-1.pdf" class="wp-block-file__button" download>Télécharger</a></div>



<p>Pour des conseils et un devis spécialisé, <a href="https://ojardindeskamis.fr/index.php/contactez-moi/">contactez-moi</a>.</p>

<p>Ô Jardin des Kamis vous accompagne également pour la création et l&rsquo;organisation de votre événement sur mesure : stage de cohésion d&rsquo;entreprise, classe verte sur plusieurs jours ou sortie scolaire à la journée, accueil et encadrement d&rsquo;un institut spécialisé, journée publique de sensibilisation au développement durable, &#8230; Nous déterminons ensemble vos attentes et vos besoins, contactons les meilleurs partenaires pour votre événement et gérons la logistique ! Pour vous inspirer le catalogue 2021 des ateliers nature &amp; sauvage pour les&#8230;</p>
<p class="read-more"><a class="btn btn-default" href="https://ojardindeskamis.fr/index.php/creation-de-vos-evenements/">Lire la suite<span class="screen-reader-text"> Lire la suite</span></a></p>

<!-- This site is optimized with the Yoast SEO plugin v24.4 - https://yoast.com/wordpress/plugins/seo/ -->
<title>Création de vos événements - Ô Jardin des Kamis</title>
<meta name="robots" content="index, follow, max-snippet:-1, max-image-preview:large, max-video-preview:-1" />
<link rel="canonical" href="https://ojardindeskamis.fr/index.php/creation-de-vos-evenements/" />
<meta property="og:locale" content="fr_FR" />
<meta property="og:type" content="article" />
<meta property="og:title" content="Création de vos événements - Ô Jardin des Kamis" />
<meta property="og:description" content="Ô Jardin des Kamis vous accompagne également pour la création et l&rsquo;organisation de votre événement sur mesure : stage de cohésion d&rsquo;entreprise, classe verte sur plusieurs jours ou sortie scolaire à la journée, accueil et encadrement d&rsquo;un institut spécialisé, journée publique de sensibilisation au développement durable, &#8230; Nous déterminons ensemble vos attentes et vos besoins, contactons les meilleurs partenaires pour votre événement et gérons la logistique ! Pour vous inspirer le catalogue 2021 des ateliers nature &amp; sauvage pour les...Lire la suite Lire la suite" />
<meta property="og:url" content="https://ojardindeskamis.fr/index.php/creation-de-vos-evenements/" />
<meta property="og:site_name" content="Ô Jardin des Kamis" />
<meta property="article:modified_time" content="2021-01-21T21:45:42+00:00" />
<meta name="twitter:card" content="summary_large_image" />
<meta name="twitter:label1" content="Durée de lecture estimée" />
	<meta name="twitter:data1" content="1 minute" />
<script type="application/ld+json" class="yoast-schema-graph">{"@context":"https://schema.org","@graph":[{"@type":"WebPage","@id":"https://ojardindeskamis.fr/index.php/creation-de-vos-evenements/","url":"https://ojardindeskamis.fr/index.php/creation-de-vos-evenements/","name":"Création de vos événements - Ô Jardin des Kamis","isPartOf":{"@id":"https://ojardindeskamis.fr/#website"},"datePublished":"2019-02-04T17:50:05+00:00","dateModified":"2021-01-21T21:45:42+00:00","breadcrumb":{"@id":"https://ojardindeskamis.fr/index.php/creation-de-vos-evenements/#breadcrumb"},"inLanguage":"fr-FR","potentialAction":[{"@type":"ReadAction","target":["https://ojardindeskamis.fr/index.php/creation-de-vos-evenements/"]}]},{"@type":"BreadcrumbList","@id":"https://ojardindeskamis.fr/index.php/creation-de-vos-evenements/#breadcrumb","itemListElement":[{"@type":"ListItem","position":1,"name":"Accueil","item":"https://ojardindeskamis.fr/"},{"@type":"ListItem","position":2,"name":"Création de vos événements"}]},{"@type":"WebSite","@id":"https://ojardindeskamis.fr/#website","url":"https://ojardindeskamis.fr/","name":"Ô Jardin des Kamis","description":"Jardin pédagogique, écologique, expérimental","publisher":{"@id":"https://ojardindeskamis.fr/#organization"},"potentialAction":[{"@type":"SearchAction","target":{"@type":"EntryPoint","urlTemplate":"https://ojardindeskamis.fr/?s={search_term_string}"},"query-input":{"@type":"PropertyValueSpecification","valueRequired":true,"valueName":"search_term_string"}}],"inLanguage":"fr-FR"},{"@type":"Organization","@id":"https://ojardindeskamis.fr/#organization","name":"Ô Jardin des Kamis","url":"https://ojardindeskamis.fr/","logo":{"@type":"ImageObject","inLanguage":"fr-FR","@id":"https://ojardindeskamis.fr/#/schema/logo/image/","url":"http://ojardindeskamis.fr/wp-content/uploads/2017/01/cropped-cropped-Tny_Logo_Cadre_Transp.png","contentUrl":"http://ojardindeskamis.fr/wp-content/uploads/2017/01/cropped-cropped-Tny_Logo_Cadre_Transp.png","width":512,"height":512,"caption":"Ô Jardin des Kamis"},"image":{"@id":"https://ojardindeskamis.fr/#/schema/logo/image/"}}]}</script>
<!-- / Yoast SEO plugin. -->

Création de vos événements - Ô Jardin des Kamis

Ô Jardin des Kamis vous accompagne également pour la création et l&rsquo;organisation de votre événement sur mesure : stage de cohésion d&rsquo;entreprise, classe verte sur plusieurs jours ou sortie scolaire à la journée, accueil et encadrement d&rsquo;un institut spécialisé, journée publique de sensibilisation au développement durable, &#8230; Nous déterminons ensemble vos attentes et vos besoins, contactons les meilleurs partenaires pour votre événement et gérons la logistique ! Pour vous inspirer le catalogue 2021 des ateliers nature &amp; sauvage pour les...Lire la suite Lire la suite

Ô Jardin des Kamis

Jardin pédagogique, écologique, expérimental
