{"id":27,"date":"2017-01-09T12:25:05","date_gmt":"2017-01-09T11:25:05","guid":{"rendered":"http:\/\/ojardindeskamis.fr\/?page_id=27"},"modified":"2021-02-13T18:15:31","modified_gmt":"2021-02-13T17:15:31","slug":"accueil-jardin-pedagogique","status":"publish","type":"page","link":"https:\/\/ojardindeskamis.fr\/","title":{"rendered":"Accueil"},"content":{"rendered":"<h2><span style=\"color: #99cc00;\"><strong>Un Jardin\u00a0?<\/strong><\/span><\/h2>\n<p>Situ\u00e9 \u00e0 Saint-S\u00e8ve, \u00e0 la limite de la Gironde et du Lot-et-Garonne, <em>\u00d4 Jardin des Kamis<\/em> est une ancienne ferme de 2,5 ha que nous am\u00e9nageons pour en faire notre espace nourricier familial. Nous y voyons un lieu d\u2019\u00e9changes dans lequel l\u2019Homme est replac\u00e9 dans son contexte essentiel\u00a0: une petite part de Nature au milieu de la Nature elle-m\u00eame. Ainsi nous prenons soin de notre environnement, qui en retour prend soin de nous\u00a0: c\u2019est la base d\u2019une coop\u00e9ration vivante.<\/p>\n<h3><span style=\"color: #008080;\"><strong>\u2026 P\u00e9dagogique \u2026<\/strong><\/span><\/h3>\n<p>Au-del\u00e0 de la sph\u00e8re familiale, l\u2019\u00e9change et la transmission de nos valeurs, de nos techniques, de nos connaissances sont une pr\u00e9occupation essentielle. Pour cela, rien de mieux que de se mettre en situation\u00a0et d\u2019entrer en contact physique, sensoriel et \u00e9motionnel avec le monde vivant qui nous entoure ! <em>\u00d4 Jardin des Kamis<\/em> devient ainsi un support de d\u00e9couverte et de cr\u00e9ation dans de nombreux domaines, bien au-del\u00e0 du jardin potager\u2026<\/p>\n<h3><span style=\"color: #008080;\"><strong>\u2026 \u00c9cologique \u2026<\/strong><\/span><\/h3>\n<p><em>\u00d4 Jardin des Kamis<\/em> a \u00e9t\u00e9 con\u00e7u comme un espace ayant sa propre vitalit\u00e9, dans lequel l\u2019impact humain est r\u00e9fl\u00e9chi pour r\u00e9pondre \u00e0 nos besoins tout en respectant, voire en restaurant, la richesse \u00e9cologique environnante. Cette int\u00e9gration de la faune et de la flore sauvage, de la vie du sol, de la gestion des ressources en eau, \u2026 dans nos probl\u00e9matiques nous am\u00e8ne \u00e0 la mise en pratique des principes de la permaculture dans nos choix d&rsquo;am\u00e9nagement.<\/p>\n<h3><span style=\"color: #008080;\"><strong>\u2026 Exp\u00e9rimental \u2026<\/strong><\/span><\/h3>\n<p>Parce qu\u2019avant tout un jardin reste un lieu d\u2019expression concr\u00e8te de soi-m\u00eame, que le vivant est en constante \u00e9volution et demande des efforts d\u2019adaptation (et parce que la curiosit\u00e9 est un vilain d\u00e9faut qui peut nous ouvrir la porte de fabuleuses d\u00e9couvertes\u00a0!), <em>\u00d4 Jardin des Kamis<\/em> est un espace de cr\u00e9ativit\u00e9 o\u00f9 l\u2019artiste comme le scientifique ou le naturaliste trouveront leur champ d&rsquo;\u00e9merveillement\u2026<\/p>\n<p><em>Et les <u>Kamis<\/u> dans tout \u00e7a\u00a0?<\/em><\/p>\n<p><em>Kami (<\/em><em>\u795e<\/em><em>)<\/em> est le mot japonais shinto d\u00e9signant les esprits qui r\u00e9sident en toute chose, particuli\u00e8rement les \u00e9l\u00e9ments naturels, les animaux ou les forces cr\u00e9atrices de l\u2019Univers. Les kamis japonais sont \u00e0 l\u2019image de la nature, et de l\u2019Homme\u00a0: ce sont des puissances sacr\u00e9es qui ont toutes en elles une part de bon (<em>nigi-mitama<\/em>) et une part de mauvais (<em>ara-mitama<\/em>). C\u2019est pourquoi l\u2019amour de la nature est une cl\u00e9 fondamentale\u00a0: chaque \u00e9l\u00e9ment naturel est v\u00e9n\u00e9r\u00e9, il peut contenir un kami en lui. Aimer la nature apporte la protection des kamis et les honore.<\/p>\n<blockquote><p><span style=\"color: #808000; font-size: 16px;\">\u00ab\u00a0Il ne suffit pas de se demander: Quelle plan\u00e8te laisserons-nous \u00e0 nos enfants ? ; il faut \u00e9galement se poser la question: Quels enfants laisserons-nous \u00e0 notre plan\u00e8te ?\u00a0\u00bb <em>Pierre Rabhi, XXI\u00e8me si\u00e8cle<\/em><\/span><\/p><\/blockquote>\n","protected":false},"excerpt":{"rendered":"<p>Un Jardin\u00a0? Situ\u00e9 \u00e0 Saint-S\u00e8ve, \u00e0 la limite de la Gironde et du Lot-et-Garonne, \u00d4 Jardin des Kamis est une ancienne ferme de 2,5 ha que nous am\u00e9nageons pour en faire notre espace nourricier familial. Nous y voyons un lieu d\u2019\u00e9changes dans lequel l\u2019Homme est replac\u00e9 dans son contexte essentiel\u00a0: une petite part de Nature au milieu de la Nature elle-m\u00eame. Ainsi nous prenons soin de notre environnement, qui en retour prend soin de nous\u00a0: c\u2019est la base d\u2019une coop\u00e9ration&#8230;<\/p>\n<p class=\"read-more\"><a class=\"btn btn-default\" href=\"https:\/\/ojardindeskamis.fr\/\">Lire la suite<span class=\"screen-reader-text\"> Lire la suite<\/span><\/a><\/p>\n","protected":false},"author":1,"featured_media":999,"parent":0,"menu_order":1,"comment_status":"closed","ping_status":"closed","template":"","meta":{"footnotes":""},"class_list":["post-27","page","type-page","status-publish","has-post-thumbnail","hentry"],"yoast_head":"<!-- This site is optimized with the Yoast SEO plugin v24.4 - https:\/\/yoast.com\/wordpress\/plugins\/seo\/ -->\n<title>Jardin p\u00e9dagogique - Accueil - \u00d4 Jardin des Kamis<\/title>\n<meta name=\"description\" content=\"La vocation de \u00d4 Jardin des Kamis est d&#039;\u00eatre un jardin p\u00e9dagogique, \u00e9cologique et exp\u00e9rimental. Vous pourrez y trouver des animations nature diversifi\u00e9es.\" \/>\n<meta name=\"robots\" content=\"index, follow, max-snippet:-1, max-image-preview:large, max-video-preview:-1\" \/>\n<link rel=\"canonical\" href=\"https:\/\/ojardindeskamis.fr\/\" \/>\n<meta property=\"og:locale\" content=\"fr_FR\" \/>\n<meta property=\"og:type\" content=\"article\" \/>\n<meta property=\"og:title\" content=\"Jardin p\u00e9dagogique - Accueil - \u00d4 Jardin des Kamis\" \/>\n<meta property=\"og:description\" content=\"La vocation de \u00d4 Jardin des Kamis est d&#039;\u00eatre un jardin p\u00e9dagogique, \u00e9cologique et exp\u00e9rimental. Vous pourrez y trouver des animations nature diversifi\u00e9es.\" \/>\n<meta property=\"og:url\" content=\"https:\/\/ojardindeskamis.fr\/\" \/>\n<meta property=\"og:site_name\" content=\"\u00d4 Jardin des Kamis\" \/>\n<meta property=\"article:modified_time\" content=\"2021-02-13T17:15:31+00:00\" \/>\n<meta property=\"og:image\" content=\"https:\/\/ojardindeskamis.fr\/wp-content\/uploads\/2021\/01\/Accueil-2d-O-Jardin-des-Kamis.jpg\" \/>\n\t<meta property=\"og:image:width\" content=\"318\" \/>\n\t<meta property=\"og:image:height\" content=\"423\" \/>\n\t<meta property=\"og:image:type\" content=\"image\/jpeg\" \/>\n<meta name=\"twitter:card\" content=\"summary_large_image\" \/>\n<meta name=\"twitter:label1\" content=\"Dur\u00e9e de lecture estim\u00e9e\" \/>\n\t<meta name=\"twitter:data1\" content=\"2 minutes\" \/>\n<script type=\"application\/ld+json\" class=\"yoast-schema-graph\">{\"@context\":\"https:\/\/schema.org\",\"@graph\":[{\"@type\":\"WebPage\",\"@id\":\"https:\/\/ojardindeskamis.fr\/\",\"url\":\"https:\/\/ojardindeskamis.fr\/\",\"name\":\"Jardin p\u00e9dagogique - Accueil - \u00d4 Jardin des Kamis\",\"isPartOf\":{\"@id\":\"https:\/\/ojardindeskamis.fr\/#website\"},\"primaryImageOfPage\":{\"@id\":\"https:\/\/ojardindeskamis.fr\/#primaryimage\"},\"image\":{\"@id\":\"https:\/\/ojardindeskamis.fr\/#primaryimage\"},\"thumbnailUrl\":\"https:\/\/ojardindeskamis.fr\/wp-content\/uploads\/2021\/01\/Accueil-2d-O-Jardin-des-Kamis.jpg\",\"datePublished\":\"2017-01-09T11:25:05+00:00\",\"dateModified\":\"2021-02-13T17:15:31+00:00\",\"description\":\"La vocation de \u00d4 Jardin des Kamis est d'\u00eatre un jardin p\u00e9dagogique, \u00e9cologique et exp\u00e9rimental. Vous pourrez y trouver des animations nature diversifi\u00e9es.\",\"breadcrumb\":{\"@id\":\"https:\/\/ojardindeskamis.fr\/#breadcrumb\"},\"inLanguage\":\"fr-FR\",\"potentialAction\":[{\"@type\":\"ReadAction\",\"target\":[\"https:\/\/ojardindeskamis.fr\/\"]}]},{\"@type\":\"ImageObject\",\"inLanguage\":\"fr-FR\",\"@id\":\"https:\/\/ojardindeskamis.fr\/#primaryimage\",\"url\":\"https:\/\/ojardindeskamis.fr\/wp-content\/uploads\/2021\/01\/Accueil-2d-O-Jardin-des-Kamis.jpg\",\"contentUrl\":\"https:\/\/ojardindeskamis.fr\/wp-content\/uploads\/2021\/01\/Accueil-2d-O-Jardin-des-Kamis.jpg\",\"width\":318,\"height\":423,\"caption\":\"Accueil - \u00d4 Jardin des Kamis\"},{\"@type\":\"BreadcrumbList\",\"@id\":\"https:\/\/ojardindeskamis.fr\/#breadcrumb\",\"itemListElement\":[{\"@type\":\"ListItem\",\"position\":1,\"name\":\"Accueil\",\"item\":\"https:\/\/ojardindeskamis.fr\/\"},{\"@type\":\"ListItem\",\"position\":2,\"name\":\"Accueil\"}]},{\"@type\":\"WebSite\",\"@id\":\"https:\/\/ojardindeskamis.fr\/#website\",\"url\":\"https:\/\/ojardindeskamis.fr\/\",\"name\":\"\u00d4 Jardin des Kamis\",\"description\":\"Jardin p\u00e9dagogique, \u00e9cologique, exp\u00e9rimental\",\"publisher\":{\"@id\":\"https:\/\/ojardindeskamis.fr\/#organization\"},\"potentialAction\":[{\"@type\":\"SearchAction\",\"target\":{\"@type\":\"EntryPoint\",\"urlTemplate\":\"https:\/\/ojardindeskamis.fr\/?s={search_term_string}\"},\"query-input\":{\"@type\":\"PropertyValueSpecification\",\"valueRequired\":true,\"valueName\":\"search_term_string\"}}],\"inLanguage\":\"fr-FR\"},{\"@type\":\"Organization\",\"@id\":\"https:\/\/ojardindeskamis.fr\/#organization\",\"name\":\"\u00d4 Jardin des Kamis\",\"url\":\"https:\/\/ojardindeskamis.fr\/\",\"logo\":{\"@type\":\"ImageObject\",\"inLanguage\":\"fr-FR\",\"@id\":\"https:\/\/ojardindeskamis.fr\/#\/schema\/logo\/image\/\",\"url\":\"http:\/\/ojardindeskamis.fr\/wp-content\/uploads\/2017\/01\/cropped-cropped-Tny_Logo_Cadre_Transp.png\",\"contentUrl\":\"http:\/\/ojardindeskamis.fr\/wp-content\/uploads\/2017\/01\/cropped-cropped-Tny_Logo_Cadre_Transp.png\",\"width\":512,\"height\":512,\"caption\":\"\u00d4 Jardin des Kamis\"},\"image\":{\"@id\":\"https:\/\/ojardindeskamis.fr\/#\/schema\/logo\/image\/\"}}]}<\/script>\n<!-- \/ Yoast SEO plugin. -->","yoast_head_json":{"title":"Jardin p\u00e9dagogique - Accueil - \u00d4 Jardin des Kamis","description":"La vocation de \u00d4 Jardin des Kamis est d'\u00eatre un jardin p\u00e9dagogique, \u00e9cologique et exp\u00e9rimental. Vous pourrez y trouver des animations nature diversifi\u00e9es.","robots":{"index":"index","follow":"follow","max-snippet":"max-snippet:-1","max-image-preview":"max-image-preview:large","max-video-preview":"max-video-preview:-1"},"canonical":"https:\/\/ojardindeskamis.fr\/","og_locale":"fr_FR","og_type":"article","og_title":"Jardin p\u00e9dagogique - Accueil - \u00d4 Jardin des Kamis","og_description":"La vocation de \u00d4 Jardin des Kamis est d'\u00eatre un jardin p\u00e9dagogique, \u00e9cologique et exp\u00e9rimental. Vous pourrez y trouver des animations nature diversifi\u00e9es.","og_url":"https:\/\/ojardindeskamis.fr\/","og_site_name":"\u00d4 Jardin des Kamis","article_modified_time":"2021-02-13T17:15:31+00:00","og_image":[{"width":318,"height":423,"url":"https:\/\/ojardindeskamis.fr\/wp-content\/uploads\/2021\/01\/Accueil-2d-O-Jardin-des-Kamis.jpg","type":"image\/jpeg"}],"twitter_card":"summary_large_image","twitter_misc":{"Dur\u00e9e de lecture estim\u00e9e":"2 minutes"},"schema":{"@context":"https:\/\/schema.org","@graph":[{"@type":"WebPage","@id":"https:\/\/ojardindeskamis.fr\/","url":"https:\/\/ojardindeskamis.fr\/","name":"Jardin p\u00e9dagogique - Accueil - \u00d4 Jardin des Kamis","isPartOf":{"@id":"https:\/\/ojardindeskamis.fr\/#website"},"primaryImageOfPage":{"@id":"https:\/\/ojardindeskamis.fr\/#primaryimage"},"image":{"@id":"https:\/\/ojardindeskamis.fr\/#primaryimage"},"thumbnailUrl":"https:\/\/ojardindeskamis.fr\/wp-content\/uploads\/2021\/01\/Accueil-2d-O-Jardin-des-Kamis.jpg","datePublished":"2017-01-09T11:25:05+00:00","dateModified":"2021-02-13T17:15:31+00:00","description":"La vocation de \u00d4 Jardin des Kamis est d'\u00eatre un jardin p\u00e9dagogique, \u00e9cologique et exp\u00e9rimental. Vous pourrez y trouver des animations nature diversifi\u00e9es.","breadcrumb":{"@id":"https:\/\/ojardindeskamis.fr\/#breadcrumb"},"inLanguage":"fr-FR","potentialAction":[{"@type":"ReadAction","target":["https:\/\/ojardindeskamis.fr\/"]}]},{"@type":"ImageObject","inLanguage":"fr-FR","@id":"https:\/\/ojardindeskamis.fr\/#primaryimage","url":"https:\/\/ojardindeskamis.fr\/wp-content\/uploads\/2021\/01\/Accueil-2d-O-Jardin-des-Kamis.jpg","contentUrl":"https:\/\/ojardindeskamis.fr\/wp-content\/uploads\/2021\/01\/Accueil-2d-O-Jardin-des-Kamis.jpg","width":318,"height":423,"caption":"Accueil - \u00d4 Jardin des Kamis"},{"@type":"BreadcrumbList","@id":"https:\/\/ojardindeskamis.fr\/#breadcrumb","itemListElement":[{"@type":"ListItem","position":1,"name":"Accueil","item":"https:\/\/ojardindeskamis.fr\/"},{"@type":"ListItem","position":2,"name":"Accueil"}]},{"@type":"WebSite","@id":"https:\/\/ojardindeskamis.fr\/#website","url":"https:\/\/ojardindeskamis.fr\/","name":"\u00d4 Jardin des Kamis","description":"Jardin p\u00e9dagogique, \u00e9cologique, exp\u00e9rimental","publisher":{"@id":"https:\/\/ojardindeskamis.fr\/#organization"},"potentialAction":[{"@type":"SearchAction","target":{"@type":"EntryPoint","urlTemplate":"https:\/\/ojardindeskamis.fr\/?s={search_term_string}"},"query-input":{"@type":"PropertyValueSpecification","valueRequired":true,"valueName":"search_term_string"}}],"inLanguage":"fr-FR"},{"@type":"Organization","@id":"https:\/\/ojardindeskamis.fr\/#organization","name":"\u00d4 Jardin des Kamis","url":"https:\/\/ojardindeskamis.fr\/","logo":{"@type":"ImageObject","inLanguage":"fr-FR","@id":"https:\/\/ojardindeskamis.fr\/#\/schema\/logo\/image\/","url":"http:\/\/ojardindeskamis.fr\/wp-content\/uploads\/2017\/01\/cropped-cropped-Tny_Logo_Cadre_Transp.png","contentUrl":"http:\/\/ojardindeskamis.fr\/wp-content\/uploads\/2017\/01\/cropped-cropped-Tny_Logo_Cadre_Transp.png","width":512,"height":512,"caption":"\u00d4 Jardin des Kamis"},"image":{"@id":"https:\/\/ojardindeskamis.fr\/#\/schema\/logo\/image\/"}}]}},"_links":{"self":[{"href":"https:\/\/ojardindeskamis.fr\/index.php\/wp-json\/wp\/v2\/pages\/27","targetHints":{"allow":["GET"]}}],"collection":[{"href":"https:\/\/ojardindeskamis.fr\/index.php\/wp-json\/wp\/v2\/pages"}],"about":[{"href":"https:\/\/ojardindeskamis.fr\/index.php\/wp-json\/wp\/v2\/types\/page"}],"author":[{"embeddable":true,"href":"https:\/\/ojardindeskamis.fr\/index.php\/wp-json\/wp\/v2\/users\/1"}],"replies":[{"embeddable":true,"href":"https:\/\/ojardindeskamis.fr\/index.php\/wp-json\/wp\/v2\/comments?post=27"}],"version-history":[{"count":16,"href":"https:\/\/ojardindeskamis.fr\/index.php\/wp-json\/wp\/v2\/pages\/27\/revisions"}],"predecessor-version":[{"id":1029,"href":"https:\/\/ojardindeskamis.fr\/index.php\/wp-json\/wp\/v2\/pages\/27\/revisions\/1029"}],"wp:featuredmedia":[{"embeddable":true,"href":"https:\/\/ojardindeskamis.fr\/index.php\/wp-json\/wp\/v2\/media\/999"}],"wp:attachment":[{"href":"https:\/\/ojardindeskamis.fr\/index.php\/wp-json\/wp\/v2\/media?parent=27"}],"curies":[{"name":"wp","href":"https:\/\/api.w.org\/{rel}","templated":true}]}}